{"id":74159,"date":"2021-01-15T10:45:52","date_gmt":"2021-01-15T09:45:52","guid":{"rendered":"http:\/\/nowa.zspbialobrzegi.edu.pl\/?page_id=74159"},"modified":"2026-04-16T16:07:32","modified_gmt":"2026-04-16T14:07:32","slug":"profile-ksztalcenia","status":"publish","type":"page","link":"https:\/\/zspbialobrzegi.edu.pl\/?page_id=74159","title":{"rendered":"Kierunki kszta\u0142cenia"},"content":{"rendered":"<p style=\"text-align: center;\"><span style=\"color: #000000;\"><strong><span style=\"font-size: 14pt;\">Zapraszamy do naszej szko\u0142y, kt\u00f3ra ma ju\u017c ponad 70-letni\u0105 tradycj\u0119 kszta\u0142cenia!<\/span><\/strong><\/span><\/p>\n<p><center><\/center><center><img loading=\"lazy\" decoding=\"async\" class=\"wp-image-101697 size-full aligncenter\" src=\"https:\/\/zspbialobrzegi.edu.pl\/wp-content\/uploads\/2025\/03\/Messenger_750.png\" alt=\"\" width=\"750\" height=\"1061\" data-id=\"101697\" srcset=\"https:\/\/zspbialobrzegi.edu.pl\/wp-content\/uploads\/2025\/03\/Messenger_750.png 750w, https:\/\/zspbialobrzegi.edu.pl\/wp-content\/uploads\/2025\/03\/Messenger_750-325x460.png 325w\" sizes=\"(max-width: 750px) 100vw, 750px\" \/><\/center><\/p>\n<p style=\"text-align: center;\"><strong><span style=\"color: #333333; font-size: 18pt;\"><span style=\"color: #0000ff;\">TECHNIKUM<\/span><\/span><span style=\"font-size: 14pt;\"><span style=\"color: #0000ff; font-size: 18pt;\">&nbsp; 5-letnie <\/span>dla absolwent\u00f3w szko\u0142y podstawowej:<\/span><\/strong><\/p>\n<table style=\"border-collapse: collapse; width: 100%; height: 857px;\">\n<tbody>\n<tr style=\"height: 450px;\">\n<td style=\"width: 53.2632%; height: 407px;\">\n<p style=\"text-align: left;\"><span style=\"text-decoration: underline;\"><span style=\"color: #ff0000;\"><a style=\"color: #ff0000;\" href=\"https:\/\/zspbialobrzegi.edu.pl\/?page_id=95907\"><span style=\"font-size: 14pt;\"><strong>technik rachunkowo\u015bci<\/strong><\/span><\/a><\/span><\/span><\/p>\n<p style=\"text-align: left;\"><a href=\"https:\/\/zspbialobrzegi.edu.pl\/wp-content\/uploads\/2025\/03\/3.jpg\" data-rel=\"lightbox-image-0\" data-rl_title=\"\" data-rl_caption=\"\" title=\"\"><img loading=\"lazy\" decoding=\"async\" class=\"alignnone size-full wp-image-101653\" src=\"https:\/\/zspbialobrzegi.edu.pl\/wp-content\/uploads\/2025\/03\/3-324.png\" alt=\"\" width=\"324\" height=\"458\" data-id=\"101653\"><\/a><br \/>\n<span style=\"color: #008000;\"><span style=\"font-size: 14pt;\"><strong><a style=\"color: #008000; text-decoration: underline;\" href=\"https:\/\/zspbialobrzegi.edu.pl\/?page_id=95907\">RACHUNKOWO\u015a\u0106<\/a>&nbsp;<\/strong><\/span><\/span><\/p>\n<\/td>\n<td style=\"width: 46.7368%; height: 407px; text-align: left;\"><a href=\"https:\/\/zspbialobrzegi.edu.pl\/?page_id=95585\"><span style=\"color: #ff0000; font-size: 14pt;\"><strong><span style=\"text-decoration: underline;\">technik informatyk<\/span><\/strong><\/span><\/a><\/p>\n<p><a href=\"https:\/\/zspbialobrzegi.edu.pl\/wp-content\/uploads\/2025\/03\/1.jpg\" data-rel=\"lightbox-image-1\" data-rl_title=\"\" data-rl_caption=\"\" title=\"\"><img loading=\"lazy\" decoding=\"async\" class=\"alignnone size-full wp-image-101651\" src=\"https:\/\/zspbialobrzegi.edu.pl\/wp-content\/uploads\/2025\/03\/1-324.png\" alt=\"\" width=\"324\" height=\"458\" data-id=\"101651\"><\/a><br \/>\n<a href=\"https:\/\/zspbialobrzegi.edu.pl\/?page_id=95585\"><span style=\"text-decoration: underline;\"><span style=\"font-size: 14pt; color: #008000;\"><strong>INFORMATYKA<\/strong><\/span><\/span><\/a><\/td>\n<\/tr>\n<tr style=\"height: 450px;\">\n<td style=\"width: 53.2632%; height: 450px;\">\n<p style=\"text-align: left;\"><span style=\"color: #ff0000; font-size: 14pt;\"><strong><br \/>\n<span style=\"text-decoration: underline;\"><a href=\"https:\/\/zspbialobrzegi.edu.pl\/?page_id=94897\"><span style=\"color: #ff0000; text-decoration: underline;\">technik hotelarstwa<\/span><\/a><\/span><\/strong><\/span><br \/>\n<span style=\"font-size: 14pt;\"><a href=\"https:\/\/zspbialobrzegi.edu.pl\/wp-content\/uploads\/2025\/03\/4.jpg\" data-rel=\"lightbox-image-2\" data-rl_title=\"\" data-rl_caption=\"\" title=\"\"><img loading=\"lazy\" decoding=\"async\" class=\"alignnone size-full wp-image-101654\" src=\"https:\/\/zspbialobrzegi.edu.pl\/wp-content\/uploads\/2025\/03\/4-324.png\" alt=\"\" width=\"324\" height=\"458\" data-id=\"101654\"><\/a>&nbsp;<br \/>\n<\/span><span style=\"font-size: 14pt;\"><span style=\"text-decoration: underline;\"><span style=\"color: #008000;\"><strong><a style=\"color: #008000; text-decoration: underline;\" href=\"https:\/\/zspbialobrzegi.edu.pl\/?page_id=94897\">HOTELARSTWO<\/a><\/strong><\/span><\/span><\/span><\/p>\n<\/td>\n<td style=\"width: 46.7368%; height: 450px;\"><span style=\"font-size: 14pt;\"><a href=\"https:\/\/zspbialobrzegi.edu.pl\/wp-content\/uploads\/2023\/05\/tzyw750.png\" data-rel=\"lightbox-image-3\" data-rl_title=\"\" data-rl_caption=\"\" title=\"\"><br \/>\n<\/a><strong><span style=\"color: #333333;\"><span style=\"color: #ff0000;\"><a style=\"color: #ff0000;\" href=\"https:\/\/zspbialobrzegi.edu.pl\/?page_id=95461\"><span style=\"text-decoration: underline;\">technik <\/span><\/a><span style=\"color: #ff0000;\"><a style=\"color: #ff0000;\" href=\"https:\/\/zspbialobrzegi.edu.pl\/?page_id=95461\"><span style=\"text-decoration: underline;\">\u017cywienia i us\u0142ug&nbsp; gastronomicznych<\/span><\/a><a href=\"https:\/\/zspbialobrzegi.edu.pl\/wp-content\/uploads\/2025\/03\/2.jpg\" data-rel=\"lightbox-image-4\" data-rl_title=\"\" data-rl_caption=\"\" title=\"\"><span style=\"text-decoration: underline;\"><img loading=\"lazy\" decoding=\"async\" class=\"alignnone size-full wp-image-101652\" src=\"https:\/\/zspbialobrzegi.edu.pl\/wp-content\/uploads\/2025\/03\/2-324.png\" alt=\"\" width=\"324\" height=\"458\" data-id=\"101652\"><\/span><\/a><br \/>\n&nbsp;<a href=\"https:\/\/zspbialobrzegi.edu.pl\/?page_id=95461\"><span style=\"color: #339966;\"><span style=\"color: #008000;\"><span style=\"text-decoration: underline;\">GASTRONOMIA<\/span><\/span><\/span><\/a>&nbsp; <span style=\"text-decoration: underline; color: #e82ae5;\"><span style=\"color: #de1ddb; text-decoration: underline;\"><a style=\"color: #de1ddb; text-decoration: underline;\" href=\"https:\/\/zspbialobrzegi.edu.pl\/?page_id=95518\">SALON URODY<\/a><\/span>&nbsp;<\/span> &nbsp; &nbsp; &nbsp;<\/span><\/span><\/span><\/strong><\/span><\/td>\n<\/tr>\n<\/tbody>\n<\/table>\n<p>&nbsp;<\/p>\n<p style=\"text-align: center;\"><a href=\"https:\/\/zspbialobrzegi.edu.pl\/?page_id=95323\"><span style=\"font-size: 14pt;\"><span style=\"color: #ff0000;\"><strong>technik logistyk \u2013 klasy mundurowe z innowacj\u0105 pedagogiczn\u0105<\/strong><\/span><\/span><\/a><\/p>\n<p style=\"text-align: center;\"><span style=\"color: #993366;\"><a style=\"color: #993366;\" href=\"https:\/\/zspbialobrzegi.edu.pl\/?page_id=85138\"><strong><span style=\"color: #0000ff;\"><span style=\"color: #008080;\"><span style=\"color: #000080;\">&#8211; oddzia\u0142y przygotowania wojskowego OPW<\/span><\/span><\/span><\/strong><\/a><\/span><br \/>\n<span style=\"color: #000080;\"><a style=\"color: #000080;\" href=\"https:\/\/zspbialobrzegi.edu.pl\/?page_id=94759\"><strong>&#8211; bezpiecze\u0144stwo publiczne&nbsp; \u2013 policyjna<\/strong><\/a><\/span><span style=\"font-size: 14pt;\"><strong><span style=\"color: #333333;\"><span style=\"color: #ff0000;\"><span style=\"color: #008000;\">&nbsp; &nbsp; &nbsp; &nbsp;&nbsp;<\/span><\/span><\/span><\/strong><\/span><\/p>\n<p><center><a href=\"https:\/\/zspbialobrzegi.edu.pl\/wp-content\/uploads\/2025\/03\/5.jpg\" data-rel=\"lightbox-image-5\" data-rl_title=\"\" data-rl_caption=\"\" title=\"\"><img loading=\"lazy\" decoding=\"async\" class=\"size-full wp-image-101655 aligncenter\" src=\"https:\/\/zspbialobrzegi.edu.pl\/wp-content\/uploads\/2025\/03\/5-324.png\" alt=\"\" width=\"324\" height=\"458\" data-id=\"101655\"><\/a><br \/>\n<span style=\"font-size: 14pt;\"><strong><span style=\"color: #333333;\"><span style=\"color: #ff0000;\"><span style=\"text-decoration: underline;\"><a href=\"https:\/\/zspbialobrzegi.edu.pl\/?page_id=95323\"><span style=\"color: #008000; text-decoration: underline;\">LOGISTYKA<\/span><\/a><\/span><\/span><\/span><\/strong><\/span><\/center>&nbsp;<\/p>\n<p style=\"text-align: center;\"><strong><span style=\"font-size: 14pt;\"><a href=\"https:\/\/zspbialobrzegi.edu.pl\/?page_id=97604\"><span style=\"color: #0000ff;\"><span style=\"text-decoration: underline;\"><span style=\"font-size: 18pt;\">Bran\u017cowa Szko\u0142a I Stopnia<\/span><\/span><\/span>&nbsp;<span style=\"text-decoration: underline; color: #000000;\">3-letnia&nbsp;dla absolwent\u00f3w szko\u0142y podstawowej<\/span><\/a><span style=\"text-decoration: underline; color: #000000;\">:<\/span><\/span><\/strong><\/p>\n<p style=\"text-align: center;\"><a href=\"https:\/\/zspbialobrzegi.edu.pl\/wp-content\/uploads\/2025\/03\/received_1899037160840696-scaled.jpeg\" data-rel=\"lightbox-image-6\" data-rl_title=\"\" data-rl_caption=\"\" title=\"\"><span style=\"font-size: 12pt; color: #000000;\"><img loading=\"lazy\" decoding=\"async\" class=\"alignnone size-full wp-image-101704\" src=\"https:\/\/zspbialobrzegi.edu.pl\/wp-content\/uploads\/2025\/03\/66-324.png\" alt=\"\" width=\"324\" height=\"458\" data-id=\"101704\"><\/span><\/a><\/p>\n<ul>\n<li style=\"list-style-type: none;\">\n<ul>\n<li style=\"list-style-type: none;\">\n<ul>\n<li style=\"list-style-type: none;\">\n<ul>\n<li style=\"list-style-type: none;\">\n<ul>\n<li style=\"list-style-type: none;\">\n<ul>\n<li style=\"list-style-type: none;\">\n<ul>\n<li style=\"list-style-type: none;\">\n<ul>\n<li><span style=\"color: #008000;\"><strong>mechanik pojazd\u00f3w samochodowych<\/strong><\/span><\/li>\n<li><span style=\"color: #008000;\"><strong>sprzedawca<\/strong><\/span><\/li>\n<li><span style=\"color: #008000;\"><strong>piekarz<\/strong><\/span><\/li>\n<li><span style=\"color: #008000;\"><strong>kucharz<\/strong><\/span><\/li>\n<li><span style=\"color: #008000;\"><strong>stolarz<\/strong><\/span><\/li>\n<li><span style=\"color: #008000;\"><strong>inne klasy wielozawodowe (m.in. fryzjer, elektryk, blacharz samochodowy)<\/strong><\/span><\/li>\n<\/ul>\n<\/li>\n<\/ul>\n<\/li>\n<\/ul>\n<\/li>\n<\/ul>\n<\/li>\n<\/ul>\n<\/li>\n<\/ul>\n<\/li>\n<\/ul>\n<\/li>\n<\/ul>\n<p>&nbsp;<\/p>\n<p style=\"text-align: center;\"><strong><a href=\"https:\/\/zspbialobrzegi.edu.pl\/wp-content\/uploads\/2026\/03\/Wniosek_do_szkoly_1-1-dobry2026.pdf\">Wniosek o przyj\u0119cie do szko\u0142y<\/a><\/strong><\/p>\n<p>&nbsp;<\/p>\n<hr>\n<p style=\"text-align: left;\"><strong><span style=\"font-size: 10pt;\">Podstawa prawna:<\/span><br \/>\n<\/strong><span style=\"font-size: 10pt;\">1. Ustawa z dnia 14 grudnia 2016 r. &#8211; Prawo O\u015bwiatowe \u2013 rozdzia\u0142 6 (Dz.U. z 2019 r. poz. 1148 ze zm.),<\/span><br \/>\n<span style=\"font-size: 10pt;\">2. Rozporz\u0105dzenie Ministra Edukacji Narodowej z dnia 21 sierpnia 2019 r. w sprawie przeprowadzania post\u0119powania rekrutacyjnego oraz postepowania uzupe\u0142niaj\u0105cego do <\/span><span style=\"font-size: 10pt;\">publicznych przedszkoli, szk\u00f3\u0142 i plac\u00f3wek i centr\u00f3w (Dz. U. 2019 r., poz. 1737),<\/span><br \/>\n<span style=\"font-size: 10pt;\">3. Rozporz\u0105dzenie MEN z dnia 12 sierpnia 2020 r. zmieniaj\u0105ce rozporz\u0105dzenie w sprawie szczeg\u00f3lnych rozwi\u0105za\u0144 w okresie czasowego ograniczenia funkcjonowania jednostek systemu <\/span><span style=\"font-size: 10pt;\">o\u015bwiaty w zwi\u0105zku z zapobieganiem, przeciwdzia\u0142aniem i zwalczaniem COVID-19 (Dz.U. 2020 r., poz.1394)<\/span><\/p>\n","protected":false},"excerpt":{"rendered":"<p>Zapraszamy do naszej szko\u0142y, kt\u00f3ra ma ju\u017c ponad 70-letni\u0105 tradycj\u0119 kszta\u0142cenia! TECHNIKUM&nbsp; 5-letnie dla absolwent\u00f3w szko\u0142y podstawowej: technik rachunkowo\u015bci RACHUNKOWO\u015a\u0106&nbsp; technik informatyk INFORMATYKA technik hotelarstwa &nbsp; HOTELARSTWO technik \u017cywienia i us\u0142ug&nbsp; gastronomicznych &nbsp;GASTRONOMIA&nbsp; SALON URODY&nbsp; &nbsp; &nbsp; &nbsp; &nbsp; technik logistyk \u2013 klasy mundurowe z innowacj\u0105 pedagogiczn\u0105 &#8211; oddzia\u0142y przygotowania wojskowego OPW &#8211; bezpiecze\u0144stwo publiczne&nbsp; [&hellip;]<\/p>\n","protected":false},"author":8,"featured_media":0,"parent":0,"menu_order":0,"comment_status":"closed","ping_status":"closed","template":"","meta":{"ngg_post_thumbnail":0,"footnotes":""},"_links":{"self":[{"href":"https:\/\/zspbialobrzegi.edu.pl\/index.php?rest_route=\/wp\/v2\/pages\/74159"}],"collection":[{"href":"https:\/\/zspbialobrzegi.edu.pl\/index.php?rest_route=\/wp\/v2\/pages"}],"about":[{"href":"https:\/\/zspbialobrzegi.edu.pl\/index.php?rest_route=\/wp\/v2\/types\/page"}],"author":[{"embeddable":true,"href":"https:\/\/zspbialobrzegi.edu.pl\/index.php?rest_route=\/wp\/v2\/users\/8"}],"replies":[{"embeddable":true,"href":"https:\/\/zspbialobrzegi.edu.pl\/index.php?rest_route=%2Fwp%2Fv2%2Fcomments&post=74159"}],"version-history":[{"count":173,"href":"https:\/\/zspbialobrzegi.edu.pl\/index.php?rest_route=\/wp\/v2\/pages\/74159\/revisions"}],"predecessor-version":[{"id":108155,"href":"https:\/\/zspbialobrzegi.edu.pl\/index.php?rest_route=\/wp\/v2\/pages\/74159\/revisions\/108155"}],"wp:attachment":[{"href":"https:\/\/zspbialobrzegi.edu.pl\/index.php?rest_route=%2Fwp%2Fv2%2Fmedia&parent=74159"}],"curies":[{"name":"wp","href":"https:\/\/api.w.org\/{rel}","templated":true}]}}